the tens digit of (-858)/(-21) - ((-16)/u - -1)?
4
Let v(m) = 4*m**2 - 47*m - 774. What is the tens digit of v(-18)?
6
Suppose -6*o = -o + 10. Let x be (-5)/(1 + 0 + 0). What is the units digit of x*(o + -3) - 3?
2
Let s(r) = -4*r**2 - 8*r - 12. Let x be s(-3). Suppose 4*y = d - 47, 4*d - y = 25 + 88. Let m = x + d. What is the units digit of m?
3
Suppose 15*p = 14*p + 114. Suppose -13*a + 452 = p. What is the units digit of a?
6
What is the tens digit of 86/((-7)/(-14)*2)?
8
Let q = 4 - 4. Suppose -2*y - 3*v + 266 = 0, y - 107 = -q*y + 5*v. What is the units digit of y?
7
Suppose 0 = 3*l + 1 - 4. Let s = 6 - l. Suppose -3*z - s = -32. What is the units digit of z?
9
Let f(v) = v + 13. Let w be f(-11). Suppose -w*l - 45 = -3*h, -4*l - 3*h + 16 - 61 = 0. Let z = 94 + l. What is the tens digit of z?
7
Suppose 5*p - 4*p + 2976 = 4*g, -5*g = 4*p - 3720. What is the tens digit of g?
4
Let q(s) = -s**3 + 15*s**2 - 8*s - 44. What is the tens digit of q(14)?
4
Let o(l) = l**3 - 10*l**2 + 12*l - 23. Suppose -5*d + 3*j = -53, d - 10 = -j - 1. What is the tens digit of o(d)?
9
Let w(p) = -6*p**2 + 3*p - 7. Let k(c) = c - 1. Let f(u) = 5*k(u) - w(u). What is the units digit of f(3)?
2
Let u = 37 - 37. Suppose 6*z - 92 - 106 = u. What is the tens digit of z?
3
What is the units digit of (-1836)/8*(-130)/39?
5
Let y(d) be the second derivative of 7*d**5/20 + d**4/12 - d**3/6 - 2*d**2 - 39*d. What is the tens digit of y(2)?
5
What is the units digit of (-8)/(5 + -1) + 92?
0
Let g be (-3)/(-6) + (-1246)/(-4). Let y = -216 + g. What is the tens digit of y?
9
Suppose 3*k + 4*x = 1136, -k + 2*x + 1142 = 2*k. What is the tens digit of k?
8
Suppose 5*g = 3*j + 3374, -9*j = 4*g - 6*j - 2683. What is the hundreds digit of g?
6
Suppose n + 3 = 2*n - 5*t, 0 = -2*t. Let j = 4 + n. What is the units digit of j?
7
Suppose -7*r - 177 = -4*r. Let l = 107 + r. Let t = l + -28. What is the tens digit of t?
2
Let n be 4 + 447*-1 - -3. What is the tens digit of (3/(-6))/(4/n)?
5
Let w = 5 + 1. Suppose -y + 1 = -5*j - 1, -j + w = 3*y. What is the tens digit of 27 - (y + -5)*-1?
2
Let x(m) = -9*m**2 - 54*m. Let d be x(-6). Suppose 5*g + 280 = r, d*g - 599 = -2*r - 3*g. What is the units digit of r?
5
Let b(c) = c**2 - 8*c + 2. Let q be 6/2 + -3 + 3. Let o be b(q). Let h = 13 - o. What is the tens digit of h?
2
Let o be 1 - (-8 + 7 + -3). Suppose -x + u = -0*x - 43, -3*u = o*x - 183. Suppose -11 = l - x. What is the units digit of l?
8
Suppose 35*h - 5520 = 12*h. What is the tens digit of h?
4
Let s = -4815 - -7137. What is the thousands digit of s?
2
Suppose -643 = 223*x - 224*x. What is the hundreds digit of x?
6
Let b be 2/9 + (-646)/153. What is the units digit of b/6*(-24)/16?
1
Let k = -218 + 360. Suppose -2*g = -4*h - 0*g + 24, 4*h + 2*g = 8. Suppose -5*w + k = -j, -6*w - h*j = -2*w - 104. What is the units digit of w?
8
Suppose i - 13 = 28. What is the units digit of i?
1
Let g(c) = -2*c**3 - 3*c**2 - 3*c - 4. Suppose -5*i - 3*i = 16. What is the units digit of g(i)?
6
Suppose 53 = 4*n - 79. What is the tens digit of n?
3
Let r = 12 - 13. Suppose -6*n - 10 = -8*n. What is the units digit of (32/(-20))/(r/n)?
8
Let z = 47 + -56. What is the tens digit of 142*(-33)/(-54) - 2/z?
8
Let f(n) = 82 - 7*n - 81 + 6*n. Let u = 1 + -2. What is the units digit of f(u)?
2
Let l = -10 + 38. Let c = -4 + 2. What is the units digit of 1520/l + c/7?
4
Let o = -20 + 28. Let b be 2/(-3) + 400/60. Suppose -o*t = -b*t - 8. What is the units digit of t?
4
Let t = 799 - 569. What is the units digit of t?
0
Suppose -5*m - 675 = -s, -s - 3*s + 4*m = -2764. Suppose -s = -12*q + 625. What is the units digit of q?
0
Suppose 2*j + 2*d = -2*j + 1940, 0 = j + 5*d - 494. What is the hundreds digit of j?
4
Let s(d) = 8*d + 4 - 17 + 5. What is the units digit of s(20)?
2
Suppose -2*n + 8 + 2 = 0. Suppose 4*s = n*x - 150, -3*s = 6*x - 2*x - 120. Suppose 5*y = 2*y + x. What is the units digit of y?
0
Suppose -8 = -4*k + 2*n + 4, -5*n = 10. Suppose -4*t - 3*l + 37 = -k*l, -l = -2*t + 11. What is the units digit of t?
8
Suppose 0 = -8*v + 5*v + 1692. What is the hundreds digit of v?
5
Let m = 2168 - -2724. What is the thousands digit of m?
4
Suppose -42*i = -40*i - 576. Suppose -5*g + 512 = -i. What is the tens digit of g?
6
Let a = 14 + -23. Let i be (15/a + 2)*0. Suppose -5*u + 2*q = -41, i*u - 2*q = 3*u - 31. What is the units digit of u?
9
What is the units digit of (-85)/(-2)*31/(1240/672)?
4
Let n(g) = -110*g - 4. Let y(m) = -2. Let q(i) = -n(i) + 8*y(i). What is the tens digit of q(1)?
9
Let x be 2/(-4)*(4 + -2)*-9. Suppose 172 = x*m - 701. What is the units digit of m?
7
Let u(t) = 2*t - 18. Let z be u(14). Let d be ((-30)/(-9))/(z/15). Suppose -d*k + 27 = 4*g, -k - g + 12 = k. What is the units digit of k?
7
Let b be ((-2)/(-14))/((-5)/(-35)). What is the tens digit of (6 + 48)*(2 + b)?
6
Suppose -4*k = -5*s - 0*s - 449, 3*s = k - 121. What is the units digit of k?
6
Let g be 96/(-80)*(-5)/2. Let d = g + -1. Suppose i + d*z + 2*z = 34, -3*z + 12 = 0. What is the tens digit of i?
1
Suppose 0*b = -b - 4*d + 1042, 4*b + 2*d - 4140 = 0. What is the units digit of b?
4
Suppose -8 = -5*g + 12. Suppose 161 = 4*c - 2*o - 53, 210 = g*c + 2*o. What is the units digit of c?
3
Suppose 134 = 2*s - 32. Suppose -5*i + s = -437. What is the tens digit of (2 - 3)/((-4)/i)?
2
Suppose 5*k - 1 = -3*x - 6, 0 = 5*k - 5*x + 45. Let u = -1 - k. What is the units digit of 16/(-6)*u/(-2)?
4
Let r(j) = 2*j**2 - 8*j - 9. Let g be r(9). Suppose -g = -h - 0*h. Suppose -3*p = -0*p - h. What is the units digit of p?
7
Suppose -115*r + 218994 = -58*r. What is the units digit of r?
2
Let c be (-50)/(-2) + (3 + -3)/3. Let n = c - -75. What is the units digit of n?
0
Let t(b) = -b**2 - b. Let q be t(0). Let i be 176 - ((-5)/20 + 10/8). Suppose -7*j + 182 + i = q. What is the units digit of j?
1
Let h(k) = k**3 - 2*k**2 - 5*k + 13. Let z be h(6). Suppose 3*t - z = -2*i, 2*t - i - 2*i = 102. What is the units digit of t?
5
Suppose 2*h - 269 = 177. Suppose 0 = -5*b - k + 2 + h, -b - 3*k = -31. Suppose 11 = u + 2*v, u + u - b = 2*v. What is the tens digit of u?
1
Let u = 52 + -49. Suppose 0 = b - u - 76. What is the tens digit of b?
7
Suppose -7*r + 2827 = -1576. What is the hundreds digit of r?
6
What is the tens digit of (-78)/52 - 1305/(-2)?
5
Let k = 12 + -7. Suppose -3*j - j + k*q = -20, -4*j + 56 = 4*q. What is the tens digit of (1 + j)/(-11 + 12)?
1
Let u be ((-15)/(-3) - 2)/(15/25). Suppose r = u*v - 3*v + 58, -5*r + 4*v + 272 = 0. What is the tens digit of r?
5
Suppose -a - 4*b = -0*a - 25, 2*b = -5*a + 215. Suppose -4*l = a + 195. Let g = 107 + l. What is the units digit of g?
7
Let i(r) = -136*r**3 + 2*r**2 + 97*r + 303. What is the tens digit of i(-3)?
0
Suppose -13*i - 323 = 4*i. Suppose 2*y - 86 = -3*k, -y - 4*y + 4*k = -192. Let n = y + i. What is the tens digit of n?
2
Let f = 5835 + -3051. What is the tens digit of f?
8
Let p(u) = -2*u**2 - 82*u + 83. What is the tens digit of p(-37)?
7
Let t(p) = 3*p**2 + 10*p + 51. What is the hundreds digit of t(-12)?
3
Suppose 0 = 3*d - 3, 5*d - 264 + 1825 = 2*m. What is the hundreds digit of m?
7
Let w(b) = -36*b - 5. Let z be (-114)/(-95)*(-10)/3. What is the tens digit of w(z)?
3
Suppose -9*s = -14*s - c + 416, 4*s - 4*c = 328. What is the units digit of s?
3
Suppose -4*w + w = 12. Let f be (1 + 1)/((-2)/w). What is the units digit of ((-3)/6 + 1)*f?
2
Let s = -121 - -290. What is the units digit of s?
9
Let i = 2344 + 2434. What is the tens digit of i?
7
Suppose 5*x - 3*g - 5170 = -0*g, 4136 = 4*x - 5*g. What is the tens digit of x?
3
Let w = -118 + 182. What is the tens digit of w?
6
Let k(b) be the second derivative of -3*b**5/20 - b**4/6 - b**3/2 - 5*b**2/2 - 7*b. What is the units digit of k(-3)?
7
Let v = 864 + -118. What is the hundreds digit of v?
7
Let k(x) = 7*x**3 - x**2 + 2*x + 7. What is the units digit of k(3)?
3
Suppose -3284 = -57*d + 53*d. What is the hundreds digit of d?
8
Suppose 0 = -5*d - 2*z - 0*z + 28, -24 = -3*d - 3*z. Suppose 0 = d*c + c - 1205. What is the units digit of c?
1
Let o(v) be the first derivative of 1 - 2*v - 7/2*v**2. What is the units digit of o(-3)?
9
What is the units digit of 22*19/4*(11 - -1)?
4
Suppose -r - 5*c - 1907 = -3*r, -5*c + 